). Let l = m - -10. Suppose 2*o = -3*o + 5*r - 5, l*o + 8 = 5*r. List the prime factors of o.
3
Suppose -5*s = -0*s - 55. Suppose 4*u + 27 = -5*w, u = -3*w + 3*u - 3. Let h = w + s. What are the prime factors of h?
2
Suppose -6*r + r + 920 = 0. List the prime factors of r.
2, 23
Let j = -3 - -4. What are the prime factors of 3/j + -1 + 0?
2
Let r(j) = -7*j - 1. Let h(u) = u + 11. Let l be h(-11). Suppose 4*t + t - v + 7 = l, 4*t = -5*v + 6. What are the prime factors of r(t)?
2, 3
Let o(c) be the first derivative of -c**3/3 - 5*c**2 - c + 1. Let f be o(-10). List the prime factors of (-80)/(-4) - (f - -4).
17
Let b(y) = -y**3 + 3*y**2 + y + 1. Let a be b(3). Suppose -h - a*h - 15 = 0. List the prime factors of (10/(-3))/(1/h).
2, 5
Let q(k) = -k**2 + 4*k. Let j be q(2). Suppose -j*z + 35 = z. What are the prime factors of z?
7
Suppose 0 = 4*d - 5*w + 17, 2*d - 4*w = w - 21. Suppose -5*y - d = -2*o, 3*y + 4 - 49 = -3*o. What are the prime factors of o?
11
Suppose 0 = 2*g + 3 - 15. Suppose -2*d = -g*d. Suppose d = 3*j - 4*j + 6. What are the prime factors of j?
2, 3
What are the prime factors of -12*(18/27)/((-1)/15)?
2, 3, 5
Suppose u + 1 + 5 = 0. Let g be ((-30)/(-3))/(2 - 3). List the prime factors of g/u - 1/(-3).
2
List the prime factors of 10/25 - (-2319)/15.
5, 31
Let c be (9/(-15))/(3/(-135)). Let v = c + -17. List the prime factors of v.
2, 5
Let z = -5 - -77. List the prime factors of z.
2, 3
Let g = -7 - -3. Let f(q) = -q**3 + 3*q**2 - 4*q - 5. Let k(r) = 6*r**3 - 15*r**2 + 19*r + 26. Let b(i) = 11*f(i) + 2*k(i). What are the prime factors of b(g)?
5
Let m(s) = s**2 + 3*s + 4. List the prime factors of m(7).
2, 37
Let x(i) = i**2 + 2*i - 3. Let y be x(2). Let v(f) = -f**2 - 7*f + 20. Let z be v(-9). Suppose 0 = z*t - y - 7. What are the prime factors of t?
2, 3
Let b(y) be the first derivative of -y**2 + y - 3. Let d be b(-1). Suppose 2*w - 50 = -d*w. What are the prime factors of w?
2, 5
Suppose d = 0, 3*u - 3*d + 23 - 413 = 0. Suppose 0 = 3*b + 2*o - u + 54, b = -4*o + 42. List the prime factors of b.
2, 11
Let u be 3/(0 - (-9)/15). Suppose -u*f = -63 - 222. What are the prime factors of f?
3, 19
Suppose -4*h - 3*l = -72, -h - 4*l + 46 = h. What are the prime factors of h?
3, 5
Suppose 2*x = -0*x + 62. What are the prime factors of x?
31
Let t be ((-6)/2)/(2/(-8)). Suppose -16 = -3*u - v, -3*u = -0*u + 2*v - 17. Let b = t - u. What are the prime factors of b?
7
Suppose 13 = 3*t - 2*u, 3*u = t - 3*t + 13. Suppose 0 = -t*f - w + 13, -f - 5 = 4*f - 5*w. What are the prime factors of f - -1*(-2 + 3)?
3
What are the prime factors of 246/14 + 18/42?
2, 3
Let n = 3 + -1. Suppose n*k = -k + 36. List the prime factors of ((-6)/4)/((-9)/k).
2
Let g be (27/36)/((-2)/8). List the prime factors of (124/g)/(10/(-15)).
2, 31
Let t(c) = -c**2 + 7*c + 2. Let f be t(7). Suppose -2*v + 3 = f*a - 9, 4*v - 39 = a. Suppose h = -3*x + 30, -h + v = 2*h. What are the prime factors of x?
3
Let z = 29 + -17. Let h(d) = d**3 - 11*d**2 - 11*d + 1. Let y be h(z). Suppose -4*i = -23 - y. What are the prime factors of i?
3
Suppose -5*m = 6*y - 8*y + 2, -3*m = -2*y + 2. Suppose m = -2*p + 1 + 3. What are the prime factors of p?
2
Let m(t) = 5*t + 7. List the prime factors of m(4).
3
Let m = 4 + 0. What are the prime factors of m?
2
Let x = 2 + -4. Let k be 35/2*(0 - x). Suppose -11 + k = 2*w. What are the prime factors of w?
2, 3
Let d = -27 + 46. List the prime factors of d.
19
Let g = -8 + 32. What are the prime factors of g?
2, 3
Let f = -1 - -3. Suppose -10 = 5*i, x - 32 = -5*i + 8. Suppose 5*g - 20 = -f*n - 2*n, -3*n + 5*g + x = 0. What are the prime factors of n?
2, 5
Let d(c) = -2*c + 8. Let w be d(6). Let s = 11 + w. What are the prime factors of s?
7
Let z(m) = -m**2 + 15*m + 21. Let t = 7 + 5. List the prime factors of z(t).
3, 19
Suppose -320 = -4*b + 240. What are the prime factors of b?
2, 5, 7
Let h = -17 - -11. Let d(u) = 2*u - 2. Let o be d(h). What are the prime factors of (-79)/(-7) - (-4)/o?
11
Suppose 4 = 3*v + 34. Let o be 64/(-10) - (-6)/v. What are the prime factors of o/7 - -4*2?
7
Let s(y) = 7*y**2 + 2*y. What are the prime factors of s(4)?
2, 3, 5
Let q be 3 - (-29 - 6/2). Let h = q + -18. What are the prime factors of h?
17
Suppose 5*g + 2*u = 400, -337 = -5*g + g - 5*u. List the prime factors of g.
2, 3, 13
Let z(i) = i**3 + 4*i**2 - 3*i. Let s be z(-4). Suppose -v + s = 4. List the prime factors of v.
2
Suppose 0*h - 14 = -h + 3*v, 10 = 5*h + 5*v. Suppose -4*r + 3*u + 64 = 6*u, 0 = 4*r - h*u - 32. List the prime factors of r.
13
Let v = 156 + -94. Suppose 5*g - 117 = 3*q + 9, -v = -3*g - 5*q. What are the prime factors of g?
2, 3
Let h = 33 + -21. What are the prime factors of h?
2, 3
Let r be -1*-4*(-2 - -3). Suppose 2*o + 0*y = -y + 22, -4*y = -r*o + 44. What are the prime factors of o?
11
Let t(i) = -i**2 + 3*i + 3. Let y be t(3). Suppose y*z + z - 108 = 0. What are the prime factors of z?
3
Let t = 26 + -22. What are the prime factors of 3372/60 + t/5?
3, 19
Let l(t) = -t**2 + 6*t - 1. Let b be l(5). Let v = b - 4. Suppose -4*n + 0*n - 4*f = -40, v = -f + 2. List the prime factors of n.
2
Let n be -4 + 1 + 0 + 9. Let s = 12 - n. What are the prime factors of s?
2, 3
Let r(c) = c**2 - 9*c + 5. Let n be r(8). Let m be (101/3)/(1/n). What are the prime factors of (-10)/45 + m/(-9)?
11
Let l = 25 + -18. Let n(w) = -w**3 - 6*w**2 - 8*w - 10. Let c be n(-5). Suppose -3*q = o - l*q - 21, 5*o - 30 = -c*q. What are the prime factors of o?
3
Let y be 3/4*32/4. Let m be 12/(-1)*3/y. What are the prime factors of 10/m*(-9)/3?
5
Let z = 45 - 22. What are the prime factors of z + (-2 - (1 - 1))?
3, 7
Suppose 30 = b - 6*b. Let r = b + 9. What are the prime factors of r?
3
List the prime factors of (-6)/10 + ((-2019)/(-15) - 2).
2, 3, 11
Let k(j) = -9*j**2 + 25*j - 4. Let o(i) = 5*i**2 - 13*i + 2. Let z(w) = -6*k(w) - 11*o(w). Suppose 3*c - c + 10 = 0. What are the prime factors of z(c)?
2, 3
Suppose 2*f - 11 = 33. Suppose -3*t + 16 = -0*t + 2*q, -3*q + f = 4*t. Suppose -t*l + 105 = l. What are the prime factors of l?
3, 7
Suppose 0 = 2*b + 2*c + 18, 2*b + 3*c + 9 = -12. Let o be ((-10)/b)/(1/3). Let f(j) = -j**3 + 5*j**2 + 4. What are the prime factors of f(o)?
2
Let l = 90 - -6. What are the prime factors of l?
2, 3
Suppose w + 3*q - 21 - 12 = 0, -132 = -4*w - 2*q. Suppose 7 + w = 5*z. What are the prime factors of z?
2
Let v(l) = l**2 - 8*l - 14. Let d be v(10). What are the prime factors of d/33 - 2034/(-66)?
31
Suppose 4*m = 3*m - 2. Let l = m - -23. List the prime factors of l.
3, 7
Suppose 6 = -n - 4*u, 5*n - 8 = 5*u + 12. List the prime factors of (2 - n)/(-4) + 3.
3
Let k(j) = j**3 - 20*j**2 - 12*j + 8. List the prime factors of k(21).
197
Let u(g) = g**3 - 4*g**2 + 3*g - 4. Let z be 8/28 + 38/14. Let f be u(z). Let p = f - -13. List the prime factors of p.
3
Let g(l) = -3*l - 3*l + 5*l + 8. Let r be g(6). Suppose -r*h - 12 = -3*h. List the prime factors of h.
2, 3
Suppose 0 = -3*c - q - 16, -4*q - 44 + 8 = 5*c. Let w be 16/12 - c/6. Suppose 4*k = 6 + w. List the prime factors of k.
2
Suppose 4*p + 0*p + 5*q - 278 = 0, 2*q = -4. List the prime factors of p.
2, 3
Suppose 0*m - 2*m = -6. Let o be -2 + 1*(m + -1). Suppose -5*j - 1 + 66 = o. List the prime factors of j.
13
Let p(v) = v**3 + 11*v**2 + 8*v - 1. Let z(k) = -k + 1. Let c(r) = -p(r) - 4*z(r). What are the prime factors of c(-11)?
41
Let v be 4/6*3/2. Let l = -11 - -17. Let z = l - v. List the prime factors of z.
5
What are the prime factors of (3 - 2) + 38 - -1?
2, 5
List the prime factors of (373/(-5))/(-1*2/10).
373
Suppose 5*g = s - 157, 0*g + g = 5*s - 785. What are the prime factors of s?
157
Let c(b) be the third derivative of b**5/30 - b**3/6 - 2*b**2. Let f = 6 + -3. List the prime factors of c(f).
17
Suppose 204 + 286 = 5*a. List the prime factors of a.
2, 7
Let l(o) = -o**3 - 10*o**2 - 11*o - 13. Let r be l(-9). Suppose 5*z - 79 = -4*c + 34, 128 = r*z - c. List the prime factors of z.
5
Suppose 17 = 3*g + 5*a, -5*g = -7*a + 2*a - 15. What are the prime factors of g?
2
Let u(p) = 52*p**2 - 7*p + 7. What are the prime factors of u(2)?
3, 67
Let i be (1 + 0)/(-1) - -7. Let h = i + -4. List the prime factors of (-87)/(-9) + h/(-3).
3
Suppose t - 9 = -2*t. Suppose 4*w = 3